{"id":560,"date":"2019-04-06T15:48:35","date_gmt":"2019-04-06T14:48:35","guid":{"rendered":"https:\/\/fischer.web.srdev.net\/seulberger\/?page_id=560"},"modified":"2019-04-06T16:23:18","modified_gmt":"2019-04-06T15:23:18","slug":"datenschutz","status":"publish","type":"page","link":"https:\/\/www.fischer-chemie.de\/seulberger\/datenschutz\/","title":{"rendered":"Datenschutz"},"content":{"rendered":"\n<h3 style=\"text-align:left\" class=\"custom-heading-1 wp-block-heading\">Datenschutzerkl\u00e4rung<\/h3>\n\n\n\n<p style=\"text-align:left\" class=\"custom-paragraph-1 wp-block-paragraph\"><strong>1.&nbsp;&nbsp;Name und Kontaktdaten der f\u00fcr die Verarbeitung personenbezogener Daten verantwortlichen Stelle, deren Vertreter sowie des betrieblichen Datenschutzbeauftragten<\/strong><br><br>\nVerantwortlicher:<br><br>\n<strong>(1)<\/strong>&nbsp;&nbsp;A.+ E. Fischer-Chemie GmbH &#038; Co. KG, Storchenallee 49, 65201 Wiesbaden, Deutschland<br>\nE-Mail: mf@fischer-chemie.de<br>\nTelefon: +49 (0) 6 11 \/ 928 46-38<br>\nFax: +49 (0) 6 11 \/ 928 46-66<br>\n<br>\nDer betriebliche Datenschutzbeauftragte von A.+ E. Fischer-Chemie GmbH &#038; Co. KG ist unter der oben genannten Anschrift, zu H\u00e4nden Herrn Johannes Diehl oder unter jd@fischer-chemie.de erreichbar.\n<br><br><br>\n<strong>(2)<\/strong>&nbsp;&nbsp;Theo Seulberger \u2013 Chemie GmbH &#038; Co. KG, Fettweisstra\u00dfe 2b, 76189 Karlsruhe, Deutschland<br>\nB\u00fcro Wiesbaden<br>\nE-Mail: mf@fischer-chemie.de<br>\nTelefon: +49 (0)611 928 46-38<br>\nFax: +49 (0)611\/ 928 46-66<br><br><br>\nDer betriebliche Datenschutzbeauftragte von Theo Seulberger-Chemie GmbH &#038; Co. KG ist unter der oben genannten Anschrift, zu H\u00e4nden Herrn Johannes Diehl oder unter jd@fischer-chemie.de erreichbar.\n<br><br><br>\n<strong>2. Erhebung und Speicherung personenbezogener Daten sowie Art und Zweck und deren Verwendung<\/strong><br><br>\nWenn wir Sie bzw. Sie uns beauftragen, erheben wir folgende Informationen:<br>\n<ul class=\"ulist\">\n<li>Anrede, Vorname, Nachname<\/li>\n<li>eine g\u00fcltige E-Mail-Adresse<\/li>\n<li>Anschrift<\/li>\n<li>Telefonnummer (Festnetz und\/oder Mobilfunk)<\/li>\n<li>Funktion im Unternehmen<\/li>\n<li>Abteilung<\/li>\n<\/ul><\/p>\n<p style=\"text-align:left\" class=\"custom-paragraph-1\">Die Erhebung dieser Daten erfolgt,<br>\n<ul class=\"ulist\">\n<li>um Sie als unseren Kunden\/Lieferanten\/Dienstleister identifizieren zu k\u00f6nnen<\/li>\n<li>zur Erf\u00fcllung eines mit Ihnen geschlossenen Vertrages oder zur Durchf\u00fchrung vorvertraglicher Ma\u00dfnahmen, die auf Ihre Anfrage erfolgen <\/li>\n<li>zur Korrespondenz mit Ihnen<\/li>\n<li>zur Rechnungsstellung<\/li>\n<li>Funktion im Unternehmen<\/li>\n<li>zur Abwicklung von eventuell vorliegenden Haftungsanspr\u00fcchen sowie der Geltendmachung etwaiger Anspr\u00fcche gegen Sie;<\/li>\n<\/ul><\/p>\n<br>\n<p style=\"text-align:left\" class=\"custom-paragraph-1\">Die Datenverarbeitung erfolgt auf Ihre Anfrage hin und ist nach Art. 6 Abs. 1 S. 1b DSGVO zu den genannten Zwecken f\u00fcr die angemessene Bearbeitung Ihres Auftrages und f\u00fcr die beidseitige Erf\u00fcllung von Verpflichtungen aus dem Vertrag erforderlich.\n<br><br>\nEntf\u00e4llt der Speicherungszweck oder l\u00e4uft eine gesetzlich vorgeschriebene Speicherfrist ab, werden die personenbezogenen Daten routinem\u00e4\u00dfig und entsprechen der gesetzlichen Vorschriften gesperrt oder gel\u00f6scht, es sei denn, dass nach Art. 6 Abs. 1 S. 1c DSGVO aufgrund von steuer- und handelsrechtlichen Aufbewahrungs- und Dokumentationspflichten (aus HGB, StGB oder AO) zu einer l\u00e4ngeren Speicherung verpflichtet sind oder Sie in eine dar\u00fcber hinausgehende Speicherung nach Art. 6 Abs. 1 S. 1a DSGVO eingewilligt haben. Die Einwilligung ist jederzeit f\u00fcr die Zukunft widerruflich. Zur Erf\u00fcllung unserer vertraglichen und gesetzlichen Verpflichtungen speichern wir die Daten, sofern kein berechtigtes Interesse im Sinne des Art. 6 I f) DSGVO besteht, welches eine l\u00e4ngere Speicherung rechtfertigen w\u00fcrde, f\u00fcr folgende Zeitr\u00e4ume:\n<br>\n<ul class=\"ulist\">\n<li>Vertragsunterlagen, Belege zu Rechnungen 10 Jahre, \u00a7 147 I Nr. 4,5 iVm. III AO; \u00a7 257 I Nr. 1, 4 iVm. \u00a7 238 I HGB<\/li>\n<\/ul><\/p>\n<p style=\"text-align:left\" class=\"custom-paragraph-1\">Zudem sind die regelm\u00e4\u00dfige zivilrechtliche Verj\u00e4hrungsfristen nach \u00a7\u00a7 195 ff. BGB zu beachten. Daher kann es f\u00fcr uns erforderlich sein, einzelne Aufzeichnungen \u00fcber die jeweils vorgeschriebene Aufbewahrungsfrist hinaus aufzubewahren.<br><br>\n<strong>Cookies<\/strong><br><br>\nDie Internetseiten verwenden teilweise so genannte Cookies. Cookies richten auf Ihrem Rechner keinen Schaden an und enthalten keine Viren. Cookies dienen dazu, unser Angebot nutzerfreundlicher, effektiver und sicherer zu machen. Cookies sind kleine Textdateien, die auf Ihrem Rechner abgelegt werden und die Ihr Browser speichert.\n<br><br>\nDie meisten der von uns verwendeten Cookies sind so genannte \u201cSession-Cookies\u201d. Sie werden nach Ende Ihres Besuchs automatisch gel\u00f6scht. Andere Cookies bleiben auf Ihrem Endger\u00e4t gespeichert bis Sie diese l\u00f6schen. Diese Cookies erm\u00f6glichen es uns, Ihren Browser beim n\u00e4chsten Besuch wiederzuerkennen.\n<br><br>\nSie k\u00f6nnen Ihren Browser so einstellen, dass Sie \u00fcber das Setzen von Cookies informiert werden und Cookies nur im Einzelfall erlauben, die Annahme von Cookies f\u00fcr bestimmte F\u00e4lle oder generell ausschlie\u00dfen sowie das automatische L\u00f6schen der Cookies beim Schlie\u00dfen des Browser aktivieren. Bei der Deaktivierung von Cookies kann die Funktionalit\u00e4t dieser Website eingeschr\u00e4nkt sein.\n<br><br>\nCookies, die zur Durchf\u00fchrung des elektronischen Kommunikationsvorgangs oder zur Bereitstellung bestimmter, von Ihnen erw\u00fcnschter Funktionen (z.B. Warenkorbfunktion) erforderlich sind, werden auf Grundlage von Art. 6 Abs. 1 lit. f DSGVO gespeichert. Der Websitebetreiber hat ein berechtigtes Interesse an der Speicherung von Cookies zur technisch fehlerfreien und optimierten Bereitstellung seiner Dienste. Soweit andere Cookies (z.B. Cookies zur Analyse Ihres Surfverhaltens) gespeichert werden, werden diese in dieser Datenschutzerkl\u00e4rung gesondert behandelt.\n<br><br><br>\n<strong>3. Weitergabe von Daten an Dritte<\/strong><br><br>\nEine \u00dcbermittlung Ihrer pers\u00f6nlichen Daten an Dritte (siehe Punkt 2\/1. Absatz findet nur insofern statt, sofern dies f\u00fcr die Gesch\u00e4ftsabwicklung (siehe Punkt 2 \/ 2. Absatz) erforderlich ist.<br><br><br>\n<strong>4. \u00dcbermittlung in ein Drittland<\/strong><br><br>\nEine \u00dcbermittlung Ihrer pers\u00f6nlichen Daten in ein Drittland findet nicht statt.<br><br><br>\n<strong>5. Betroffenenrechte<\/strong>\n<br><br>\nSie haben das Recht:\n<ul class=\"ulist\">\n<li>gem\u00e4\u00df Art. 7 Abs. 3 DSGVO Ihre einmal erteilte Einwilligung jederzeit gegen\u00fcber uns zu widerrufen. Dies hat zur Folge, dass wir die Datenverarbeitung, die auf dieser Einwilligung beruhte, f\u00fcr die Zukunft nicht mehr fortf\u00fchren d\u00fcrfen;<br><br><\/li>\n<li>gem\u00e4\u00df Art. 15 DSGVO Auskunft \u00fcber Ihre von uns verarbeiteten personenbezogenen Daten zu verlangen. Insbesondere k\u00f6nnen Sie Auskunft \u00fcber die Verarbeitungszwecke, die Kategorie der personenbezogenen Daten, die Kategorien von Empf\u00e4ngern, gegen\u00fcber denen Ihre Daten offengelegt wurden oder werden, die geplante Speicherdauer, das Bestehen eines Rechts auf Berichtigung, L\u00f6schung, Einschr\u00e4nkung der Verarbeitung oder Widerspruch, das Bestehen eines Beschwerderechts, die Herkunft ihrer Daten, sofern diese nicht bei uns erhoben wurden, sowie \u00fcber das Bestehen einer automatisierten Entscheidungsfindung einschlie\u00dflich Profiling und ggf. aussagekr\u00e4ftigen Informationen zu deren Einzelheiten verlangen;<br><br><\/li>\n<li>gem\u00e4\u00df Art. 16 DSGVO unverz\u00fcglich die Berichtigung unrichtiger oder Vervollst\u00e4ndigung Ihrer bei uns gespeicherten personenbezogenen Daten zu verlangen;<br><br><\/li>\n<li>gem\u00e4\u00df Art. 17 DSGVO die L\u00f6schung Ihrer bei uns gespeicherten personenbezogenen Daten zu verlangen, soweit nicht die Verarbeitung zur Aus\u00fcbung des Rechts auf freie Meinungs\u00e4u\u00dferung und Information, zur Erf\u00fcllung einer rechtlichen Verpflichtung, aus Gr\u00fcnden des \u00f6ffentlichen Interesses oder zur Geltendmachung, Aus\u00fcbung oder Verteidigung von Rechtsanspr\u00fcchen erforderlich ist;<br><br><\/li>\n<li>gem\u00e4\u00df Art. 18 DSGVO die Einschr\u00e4nkung der Verarbeitung Ihrer personenbezogenen Daten zu verlangen, soweit die Richtigkeit der Daten von Ihnen bestritten wird, die Verarbeitung unrechtm\u00e4\u00dfig ist, Sie aber deren L\u00f6schung ablehnen und wir die Daten nicht mehr ben\u00f6tigen, Sie jedoch diese zur Geltendmachung, Aus\u00fcbung oder Verteidigung von Rechtsanspr\u00fcchen ben\u00f6tigen oder Sie gem\u00e4\u00df Art. 21 DSGVO Widerspruch gegen die Verarbeitung eingelegt haben;<br><br><\/li>\n<li>gem\u00e4\u00df Art. 20 DSGVO Ihre personenbezogenen Daten, die Sie uns bereitgestellt haben, in einem strukturierten, g\u00e4ngigen und maschinenlesebaren Format zu erhalten oder die \u00dcbermittlung an einen anderen Verantwortlichen zu verlangen und<br><br><\/li>\n<li>gem\u00e4\u00df Art. 77 DSGVO sich bei einer Aufsichtsbeh\u00f6rde zu beschweren. In der Regel k\u00f6nnen Sie sich hierf\u00fcr an die Aufsichtsbeh\u00f6rde Ihres \u00fcblichen Aufenthaltsortes oder Arbeitsplatzes oder unseres Unternehmenssitzes wenden.<\/li><\/ul><br><\/p>\n<p style=\"text-align:left\" class=\"custom-paragraph-1\">\n<strong>6. Widerspruchsrecht<\/strong><br><br>\nSofern Ihre personenbezogenen Daten auf Grundlage von berechtigten Interessen gem\u00e4\u00df Art. 6 Abs. 1 S. 1 lit. f DSGVO verarbeitet werden, haben Sie das Recht, gem\u00e4\u00df Art. 21 DSGVO Widerspruch gegen die Verarbeitung Ihrer personenbezogenen Daten einzulegen, soweit daf\u00fcr Gr\u00fcnde vorliegen, die sich aus Ihrer besonderen Situation ergeben. M\u00f6chten Sie von Ihrem Widerrufs- oder Widerspruchsrecht Gebrauch machen, gen\u00fcgt eine E-Mail an mf@fischer-chemie.de.<br><br><br><\/p>\n\n\n\n<hr class=\"wp-block-separator\"\/>\n","protected":false},"excerpt":{"rendered":"<p>Datenschutzerkl\u00e4rung 1.&nbsp;&nbsp;Name und Kontaktdaten der f\u00fcr die Verarbeitung personenbezogener Daten verantwortlichen Stelle, deren Vertreter sowie des betrieblichen Datenschutzbeauftragten Verantwortlicher: (1)&nbsp;&nbsp;A.+ E. Fischer-Chemie GmbH &#038; Co. KG, Storchenallee 49, 65201 Wiesbaden, Deutschland E-Mail: mf@fischer-chemie.de Telefon: +49 (0) 6 11 \/ 928 46-38 Fax: +49 (0) 6 11 \/ 928 46-66 Der betriebliche Datenschutzbeauftragte von A.+ E. [&hellip;]<\/p>\n","protected":false},"author":3,"featured_media":0,"parent":0,"menu_order":0,"comment_status":"closed","ping_status":"closed","template":"","meta":{"_uag_custom_page_level_css":"","_genesis_hide_title":false,"_genesis_hide_breadcrumbs":false,"_genesis_hide_singular_image":false,"_genesis_hide_footer_widgets":false,"_genesis_custom_body_class":"","_genesis_custom_post_class":"","_genesis_layout":"","footnotes":""},"class_list":["post-560","page","type-page","status-publish","entry"],"uagb_featured_image_src":{"full":false,"thumbnail":false,"medium":false,"medium_large":false,"large":false,"1536x1536":false,"2048x2048":false},"uagb_author_info":{"display_name":"Jakob Rotacker","author_link":"https:\/\/www.fischer-chemie.de\/seulberger\/author\/contentmanager\/"},"uagb_comment_info":0,"uagb_excerpt":"Datenschutzerkl\u00e4rung 1.&nbsp;&nbsp;Name und Kontaktdaten der f\u00fcr die Verarbeitung personenbezogener Daten verantwortlichen Stelle, deren Vertreter sowie des betrieblichen Datenschutzbeauftragten Verantwortlicher: (1)&nbsp;&nbsp;A.+ E. Fischer-Chemie GmbH &#038; Co. KG, Storchenallee 49, 65201 Wiesbaden, Deutschland E-Mail: mf@fischer-chemie.de Telefon: +49 (0) 6 11 \/ 928 46-38 Fax: +49 (0) 6 11 \/ 928 46-66 Der betriebliche Datenschutzbeauftragte von A.+ E.&hellip;","_links":{"self":[{"href":"https:\/\/www.fischer-chemie.de\/seulberger\/wp-json\/wp\/v2\/pages\/560","targetHints":{"allow":["GET"]}}],"collection":[{"href":"https:\/\/www.fischer-chemie.de\/seulberger\/wp-json\/wp\/v2\/pages"}],"about":[{"href":"https:\/\/www.fischer-chemie.de\/seulberger\/wp-json\/wp\/v2\/types\/page"}],"author":[{"embeddable":true,"href":"https:\/\/www.fischer-chemie.de\/seulberger\/wp-json\/wp\/v2\/users\/3"}],"replies":[{"embeddable":true,"href":"https:\/\/www.fischer-chemie.de\/seulberger\/wp-json\/wp\/v2\/comments?post=560"}],"version-history":[{"count":20,"href":"https:\/\/www.fischer-chemie.de\/seulberger\/wp-json\/wp\/v2\/pages\/560\/revisions"}],"predecessor-version":[{"id":580,"href":"https:\/\/www.fischer-chemie.de\/seulberger\/wp-json\/wp\/v2\/pages\/560\/revisions\/580"}],"wp:attachment":[{"href":"https:\/\/www.fischer-chemie.de\/seulberger\/wp-json\/wp\/v2\/media?parent=560"}],"curies":[{"name":"wp","href":"https:\/\/api.w.org\/{rel}","templated":true}]}}

<h3 style="text-align:left" class="custom-heading-1 wp-block-heading">Datenschutzerklärung</h3>



<p style="text-align:left" class="custom-paragraph-1 wp-block-paragraph"><strong>1.&nbsp;&nbsp;Name und Kontaktdaten der für die Verarbeitung personenbezogener Daten verantwortlichen Stelle, deren Vertreter sowie des betrieblichen Datenschutzbeauftragten</strong><br><br>
Verantwortlicher:<br><br>
<strong>(1)</strong>&nbsp;&nbsp;A.+ E. Fischer-Chemie GmbH &#038; Co. KG, Storchenallee 49, 65201 Wiesbaden, Deutschland<br>
E-Mail: mf@fischer-chemie.de<br>
Telefon: +49 (0) 6 11 / 928 46-38<br>
Fax: +49 (0) 6 11 / 928 46-66<br>
<br>
Der betriebliche Datenschutzbeauftragte von A.+ E. Fischer-Chemie GmbH &#038; Co. KG ist unter der oben genannten Anschrift, zu Händen Herrn Johannes Diehl oder unter jd@fischer-chemie.de erreichbar.
<br><br><br>
<strong>(2)</strong>&nbsp;&nbsp;Theo Seulberger – Chemie GmbH &#038; Co. KG, Fettweisstraße 2b, 76189 Karlsruhe, Deutschland<br>
Büro Wiesbaden<br>
E-Mail: mf@fischer-chemie.de<br>
Telefon: +49 (0)611 928 46-38<br>
Fax: +49 (0)611/ 928 46-66<br><br><br>
Der betriebliche Datenschutzbeauftragte von Theo Seulberger-Chemie GmbH &#038; Co. KG ist unter der oben genannten Anschrift, zu Händen Herrn Johannes Diehl oder unter jd@fischer-chemie.de erreichbar.
<br><br><br>
<strong>2. Erhebung und Speicherung personenbezogener Daten sowie Art und Zweck und deren Verwendung</strong><br><br>
Wenn wir Sie bzw. Sie uns beauftragen, erheben wir folgende Informationen:<br>
<ul class="ulist">
<li>Anrede, Vorname, Nachname</li>
<li>eine gültige E-Mail-Adresse</li>
<li>Anschrift</li>
<li>Telefonnummer (Festnetz und/oder Mobilfunk)</li>
<li>Funktion im Unternehmen</li>
<li>Abteilung</li>
</ul></p>
<p style="text-align:left" class="custom-paragraph-1">Die Erhebung dieser Daten erfolgt,<br>
<ul class="ulist">
<li>um Sie als unseren Kunden/Lieferanten/Dienstleister identifizieren zu können</li>
<li>zur Erfüllung eines mit Ihnen geschlossenen Vertrages oder zur Durchführung vorvertraglicher Maßnahmen, die auf Ihre Anfrage erfolgen </li>
<li>zur Korrespondenz mit Ihnen</li>
<li>zur Rechnungsstellung</li>
<li>Funktion im Unternehmen</li>
<li>zur Abwicklung von eventuell vorliegenden Haftungsansprüchen sowie der Geltendmachung etwaiger Ansprüche gegen Sie;</li>
</ul></p>
<br>
<p style="text-align:left" class="custom-paragraph-1">Die Datenverarbeitung erfolgt auf Ihre Anfrage hin und ist nach Art. 6 Abs. 1 S. 1b DSGVO zu den genannten Zwecken für die angemessene Bearbeitung Ihres Auftrages und für die beidseitige Erfüllung von Verpflichtungen aus dem Vertrag erforderlich.
<br><br>
Entfällt der Speicherungszweck oder läuft eine gesetzlich vorgeschriebene Speicherfrist ab, werden die personenbezogenen Daten routinemäßig und entsprechen der gesetzlichen Vorschriften gesperrt oder gelöscht, es sei denn, dass nach Art. 6 Abs. 1 S. 1c DSGVO aufgrund von steuer- und handelsrechtlichen Aufbewahrungs- und Dokumentationspflichten (aus HGB, StGB oder AO) zu einer längeren Speicherung verpflichtet sind oder Sie in eine darüber hinausgehende Speicherung nach Art. 6 Abs. 1 S. 1a DSGVO eingewilligt haben. Die Einwilligung ist jederzeit für die Zukunft widerruflich. Zur Erfüllung unserer vertraglichen und gesetzlichen Verpflichtungen speichern wir die Daten, sofern kein berechtigtes Interesse im Sinne des Art. 6 I f) DSGVO besteht, welches eine längere Speicherung rechtfertigen würde, für folgende Zeiträume:
<br>
<ul class="ulist">
<li>Vertragsunterlagen, Belege zu Rechnungen 10 Jahre, § 147 I Nr. 4,5 iVm. III AO; § 257 I Nr. 1, 4 iVm. § 238 I HGB</li>
</ul></p>
<p style="text-align:left" class="custom-paragraph-1">Zudem sind die regelmäßige zivilrechtliche Verjährungsfristen nach §§ 195 ff. BGB zu beachten. Daher kann es für uns erforderlich sein, einzelne Aufzeichnungen über die jeweils vorgeschriebene Aufbewahrungsfrist hinaus aufzubewahren.<br><br>
<strong>Cookies</strong><br><br>
Die Internetseiten verwenden teilweise so genannte Cookies. Cookies richten auf Ihrem Rechner keinen Schaden an und enthalten keine Viren. Cookies dienen dazu, unser Angebot nutzerfreundlicher, effektiver und sicherer zu machen. Cookies sind kleine Textdateien, die auf Ihrem Rechner abgelegt werden und die Ihr Browser speichert.
<br><br>
Die meisten der von uns verwendeten Cookies sind so genannte “Session-Cookies”. Sie werden nach Ende Ihres Besuchs automatisch gelöscht. Andere Cookies bleiben auf Ihrem Endgerät gespeichert bis Sie diese löschen. Diese Cookies ermöglichen es uns, Ihren Browser beim nächsten Besuch wiederzuerkennen.
<br><br>
Sie können Ihren Browser so einstellen, dass Sie über das Setzen von Cookies informiert werden und Cookies nur im Einzelfall erlauben, die Annahme von Cookies für bestimmte Fälle oder generell ausschließen sowie das automatische Löschen der Cookies beim Schließen des Browser aktivieren. Bei der Deaktivierung von Cookies kann die Funktionalität dieser Website eingeschränkt sein.
<br><br>
Cookies, die zur Durchführung des elektronischen Kommunikationsvorgangs oder zur Bereitstellung bestimmter, von Ihnen erwünschter Funktionen (z.B. Warenkorbfunktion) erforderlich sind, werden auf Grundlage von Art. 6 Abs. 1 lit. f DSGVO gespeichert. Der Websitebetreiber hat ein berechtigtes Interesse an der Speicherung von Cookies zur technisch fehlerfreien und optimierten Bereitstellung seiner Dienste. Soweit andere Cookies (z.B. Cookies zur Analyse Ihres Surfverhaltens) gespeichert werden, werden diese in dieser Datenschutzerklärung gesondert behandelt.
<br><br><br>
<strong>3. Weitergabe von Daten an Dritte</strong><br><br>
Eine Übermittlung Ihrer persönlichen Daten an Dritte (siehe Punkt 2/1. Absatz findet nur insofern statt, sofern dies für die Geschäftsabwicklung (siehe Punkt 2 / 2. Absatz) erforderlich ist.<br><br><br>
<strong>4. Übermittlung in ein Drittland</strong><br><br>
Eine Übermittlung Ihrer persönlichen Daten in ein Drittland findet nicht statt.<br><br><br>
<strong>5. Betroffenenrechte</strong>
<br><br>
Sie haben das Recht:
<ul class="ulist">
<li>gemäß Art. 7 Abs. 3 DSGVO Ihre einmal erteilte Einwilligung jederzeit gegenüber uns zu widerrufen. Dies hat zur Folge, dass wir die Datenverarbeitung, die auf dieser Einwilligung beruhte, für die Zukunft nicht mehr fortführen dürfen;<br><br></li>
<li>gemäß Art. 15 DSGVO Auskunft über Ihre von uns verarbeiteten personenbezogenen Daten zu verlangen. Insbesondere können Sie Auskunft über die Verarbeitungszwecke, die Kategorie der personenbezogenen Daten, die Kategorien von Empfängern, gegenüber denen Ihre Daten offengelegt wurden oder werden, die geplante Speicherdauer, das Bestehen eines Rechts auf Berichtigung, Löschung, Einschränkung der Verarbeitung oder Widerspruch, das Bestehen eines Beschwerderechts, die Herkunft ihrer Daten, sofern diese nicht bei uns erhoben wurden, sowie über das Bestehen einer automatisierten Entscheidungsfindung einschließlich Profiling und ggf. aussagekräftigen Informationen zu deren Einzelheiten verlangen;<br><br></li>
<li>gemäß Art. 16 DSGVO unverzüglich die Berichtigung unrichtiger oder Vervollständigung Ihrer bei uns gespeicherten personenbezogenen Daten zu verlangen;<br><br></li>
<li>gemäß Art. 17 DSGVO die Löschung Ihrer bei uns gespeicherten personenbezogenen Daten zu verlangen, soweit nicht die Verarbeitung zur Ausübung des Rechts auf freie Meinungsäußerung und Information, zur Erfüllung einer rechtlichen Verpflichtung, aus Gründen des öffentlichen Interesses oder zur Geltendmachung, Ausübung oder Verteidigung von Rechtsansprüchen erforderlich ist;<br><br></li>
<li>gemäß Art. 18 DSGVO die Einschränkung der Verarbeitung Ihrer personenbezogenen Daten zu verlangen, soweit die Richtigkeit der Daten von Ihnen bestritten wird, die Verarbeitung unrechtmäßig ist, Sie aber deren Löschung ablehnen und wir die Daten nicht mehr benötigen, Sie jedoch diese zur Geltendmachung, Ausübung oder Verteidigung von Rechtsansprüchen benötigen oder Sie gemäß Art. 21 DSGVO Widerspruch gegen die Verarbeitung eingelegt haben;<br><br></li>
<li>gemäß Art. 20 DSGVO Ihre personenbezogenen Daten, die Sie uns bereitgestellt haben, in einem strukturierten, gängigen und maschinenlesebaren Format zu erhalten oder die Übermittlung an einen anderen Verantwortlichen zu verlangen und<br><br></li>
<li>gemäß Art. 77 DSGVO sich bei einer Aufsichtsbehörde zu beschweren. In der Regel können Sie sich hierfür an die Aufsichtsbehörde Ihres üblichen Aufenthaltsortes oder Arbeitsplatzes oder unseres Unternehmenssitzes wenden.</li></ul><br></p>
<p style="text-align:left" class="custom-paragraph-1">
<strong>6. Widerspruchsrecht</strong><br><br>
Sofern Ihre personenbezogenen Daten auf Grundlage von berechtigten Interessen gemäß Art. 6 Abs. 1 S. 1 lit. f DSGVO verarbeitet werden, haben Sie das Recht, gemäß Art. 21 DSGVO Widerspruch gegen die Verarbeitung Ihrer personenbezogenen Daten einzulegen, soweit dafür Gründe vorliegen, die sich aus Ihrer besonderen Situation ergeben. Möchten Sie von Ihrem Widerrufs- oder Widerspruchsrecht Gebrauch machen, genügt eine E-Mail an mf@fischer-chemie.de.<br><br><br></p>



<hr class="wp-block-separator"/>

<p>Datenschutzerklärung 1.&nbsp;&nbsp;Name und Kontaktdaten der für die Verarbeitung personenbezogener Daten verantwortlichen Stelle, deren Vertreter sowie des betrieblichen Datenschutzbeauftragten Verantwortlicher: (1)&nbsp;&nbsp;A.+ E. Fischer-Chemie GmbH &#038; Co. KG, Storchenallee 49, 65201 Wiesbaden, Deutschland E-Mail: mf@fischer-chemie.de Telefon: +49 (0) 6 11 / 928 46-38 Fax: +49 (0) 6 11 / 928 46-66 Der betriebliche Datenschutzbeauftragte von A.+ E. [&hellip;]</p>

Datenschutzerklärung 1.&nbsp;&nbsp;Name und Kontaktdaten der für die Verarbeitung personenbezogener Daten verantwortlichen Stelle, deren Vertreter sowie des betrieblichen Datenschutzbeauftragten Verantwortlicher: (1)&nbsp;&nbsp;A.+ E. Fischer-Chemie GmbH &#038; Co. KG, Storchenallee 49, 65201 Wiesbaden, Deutschland E-Mail: mf@fischer-chemie.de Telefon: +49 (0) 6 11 / 928 46-38 Fax: +49 (0) 6 11 / 928 46-66 Der betriebliche Datenschutzbeauftragte von A.+ E.&hellip;
